{"id":49,"date":"2019-10-06T15:43:47","date_gmt":"2019-10-06T15:43:47","guid":{"rendered":"http:\/\/www.psykiatriantutkimussaatio.fi\/?page_id=49"},"modified":"2025-07-14T08:02:38","modified_gmt":"2025-07-14T08:02:38","slug":"kirjat-adressit-ja-muut-tuotteet","status":"publish","type":"page","link":"https:\/\/www.psykiatriantutkimussaatio.fi\/index.php\/kirjat-adressit-ja-muut-tuotteet\/","title":{"rendered":"Kirjat, adressit ja muut tuotteet"},"content":{"rendered":"\t\t<div data-elementor-type=\"wp-page\" data-elementor-id=\"49\" class=\"elementor elementor-49\" data-elementor-post-type=\"page\">\n\t\t\t\t\t\t<section class=\"elementor-section elementor-top-section elementor-element elementor-element-17763711 elementor-section-full_width elementor-section-height-default elementor-section-height-default\" data-id=\"17763711\" data-element_type=\"section\" data-e-type=\"section\" data-settings=\"{&quot;background_background&quot;:&quot;classic&quot;}\">\n\t\t\t\t\t\t\t<div class=\"elementor-background-overlay\"><\/div>\n\t\t\t\t\t\t\t<div class=\"elementor-container elementor-column-gap-default\">\n\t\t\t\t\t<div class=\"elementor-column elementor-col-100 elementor-top-column elementor-element elementor-element-5e814c02\" data-id=\"5e814c02\" data-element_type=\"column\" data-e-type=\"column\" data-settings=\"{&quot;background_background&quot;:&quot;classic&quot;}\">\n\t\t\t<div class=\"elementor-widget-wrap\">\n\t\t\t\t\t\t\t<\/div>\n\t\t<\/div>\n\t\t\t\t\t<\/div>\n\t\t<\/section>\n\t\t\t\t<section class=\"elementor-section elementor-top-section elementor-element elementor-element-43d79314 elementor-section-boxed elementor-section-height-default elementor-section-height-default\" data-id=\"43d79314\" data-element_type=\"section\" data-e-type=\"section\">\n\t\t\t\t\t\t<div class=\"elementor-container elementor-column-gap-default\">\n\t\t\t\t\t<div class=\"elementor-column elementor-col-50 elementor-top-column elementor-element elementor-element-5c9862\" data-id=\"5c9862\" data-element_type=\"column\" data-e-type=\"column\" data-settings=\"{&quot;background_background&quot;:&quot;classic&quot;}\">\n\t\t\t<div class=\"elementor-widget-wrap elementor-element-populated\">\n\t\t\t\t\t\t<div class=\"elementor-element elementor-element-589a48f1 elementor-widget elementor-widget-heading\" data-id=\"589a48f1\" data-element_type=\"widget\" data-e-type=\"widget\" data-widget_type=\"heading.default\">\n\t\t\t\t<div class=\"elementor-widget-container\">\n\t\t\t\t\t<h2 class=\"elementor-heading-title elementor-size-default\">Kirjat, adressit ja muut tuotteet<\/h2>\t\t\t\t<\/div>\n\t\t\t\t<\/div>\n\t\t\t\t\t<\/div>\n\t\t<\/div>\n\t\t\t\t<div class=\"elementor-column elementor-col-50 elementor-top-column elementor-element elementor-element-67b0a617\" data-id=\"67b0a617\" data-element_type=\"column\" data-e-type=\"column\">\n\t\t\t<div class=\"elementor-widget-wrap\">\n\t\t\t\t\t\t\t<\/div>\n\t\t<\/div>\n\t\t\t\t\t<\/div>\n\t\t<\/section>\n\t\t\t\t<section class=\"elementor-section elementor-top-section elementor-element elementor-element-42d0accc elementor-section-boxed elementor-section-height-default elementor-section-height-default\" data-id=\"42d0accc\" data-element_type=\"section\" data-e-type=\"section\">\n\t\t\t\t\t\t<div class=\"elementor-container elementor-column-gap-default\">\n\t\t\t\t\t<div class=\"elementor-column elementor-col-100 elementor-top-column elementor-element elementor-element-79682375\" data-id=\"79682375\" data-element_type=\"column\" data-e-type=\"column\">\n\t\t\t<div class=\"elementor-widget-wrap elementor-element-populated\">\n\t\t\t\t\t\t<div class=\"elementor-element elementor-element-5d1c2237 elementor-widget elementor-widget-text-editor\" data-id=\"5d1c2237\" data-element_type=\"widget\" data-e-type=\"widget\" data-widget_type=\"text-editor.default\">\n\t\t\t\t<div class=\"elementor-widget-container\">\n\t\t\t\t\t\t\t\t\t<p>Psykiatrian Tutkimuss\u00e4\u00e4ti\u00f6t\u00e4 voi tukea ostamalla sen tuotteita. Tuotot menev\u00e4t s\u00e4\u00e4ti\u00f6n toiminnan tukemiseen. T\u00e4ll\u00e4 hetkell\u00e4 s\u00e4\u00e4ti\u00f6lt\u00e4 voi tilata S\u00e4\u00e4ti\u00f6n kustantamia kirjoja ja adresseja.<\/p>\t\t\t\t\t\t\t\t<\/div>\n\t\t\t\t<\/div>\n\t\t\t\t\t<\/div>\n\t\t<\/div>\n\t\t\t\t\t<\/div>\n\t\t<\/section>\n\t\t\t\t<section class=\"elementor-section elementor-top-section elementor-element elementor-element-badfa5d elementor-section-boxed elementor-section-height-default elementor-section-height-default\" data-id=\"badfa5d\" data-element_type=\"section\" data-e-type=\"section\" data-settings=\"{&quot;background_background&quot;:&quot;classic&quot;}\">\n\t\t\t\t\t\t<div class=\"elementor-container elementor-column-gap-default\">\n\t\t\t\t\t<div class=\"elementor-column elementor-col-100 elementor-top-column elementor-element elementor-element-11a44f2\" data-id=\"11a44f2\" data-element_type=\"column\" data-e-type=\"column\">\n\t\t\t<div class=\"elementor-widget-wrap elementor-element-populated\">\n\t\t\t\t\t\t<div class=\"elementor-element elementor-element-d7d16d8 elementor-widget elementor-widget-heading\" data-id=\"d7d16d8\" data-element_type=\"widget\" data-e-type=\"widget\" data-widget_type=\"heading.default\">\n\t\t\t\t<div class=\"elementor-widget-container\">\n\t\t\t\t\t<h2 class=\"elementor-heading-title elementor-size-default\">Kirjat<\/h2>\t\t\t\t<\/div>\n\t\t\t\t<\/div>\n\t\t\t\t<div class=\"elementor-element elementor-element-bd1f8e4 elementor-widget elementor-widget-image\" data-id=\"bd1f8e4\" data-element_type=\"widget\" data-e-type=\"widget\" data-widget_type=\"image.default\">\n\t\t\t\t<div class=\"elementor-widget-container\">\n\t\t\t\t\t\t\t\t\t\t\t\t\t\t\t<img fetchpriority=\"high\" decoding=\"async\" width=\"200\" height=\"300\" src=\"https:\/\/www.psykiatriantutkimussaatio.fi\/wp-content\/uploads\/2020\/09\/image008-1-200x300.jpg\" class=\"attachment-medium size-medium wp-image-3312\" alt=\"\" srcset=\"https:\/\/www.psykiatriantutkimussaatio.fi\/wp-content\/uploads\/2020\/09\/image008-1-200x300.jpg 200w, https:\/\/www.psykiatriantutkimussaatio.fi\/wp-content\/uploads\/2020\/09\/image008-1.jpg 400w\" sizes=\"(max-width: 200px) 100vw, 200px\" \/>\t\t\t\t\t\t\t\t\t\t\t\t\t\t\t<\/div>\n\t\t\t\t<\/div>\n\t\t\t\t<div class=\"elementor-element elementor-element-15e95c3 elementor-widget elementor-widget-text-editor\" data-id=\"15e95c3\" data-element_type=\"widget\" data-e-type=\"widget\" data-widget_type=\"text-editor.default\">\n\t\t\t\t<div class=\"elementor-widget-container\">\n\t\t\t\t\t\t\t\t\t<p><strong>Raimo K.R. Salokangas: Aleksis Kiven el\u00e4m\u00e4 ja sairaudet. Tutkimus Aleksis Kiven sairauksista h\u00e4nen el\u00e4m\u00e4ns\u00e4 eri vaiheissa.<\/strong><\/p><p>Kirja o n perusteellinen ja j\u00e4nnitt\u00e4v\u00e4 katsaus kansalliskirjailijamme lyhyeen el\u00e4m\u00e4\u00e4n ja kuolemaa edelt\u00e4neeseen sairastumiseen. Kiven tarinassa yhdistyv\u00e4t maamme itsen\u00e4istymisen ja kulttuurihistorian k\u00e4\u00e4nteet kirjailijan ahdinkoiseen el\u00e4m\u00e4\u00e4n tavalla, joka puhuttelee meit\u00e4 viel\u00e4 t\u00e4n\u00e4kin p\u00e4iv\u00e4n\u00e4, itsen\u00e4isen valtiomme tultua jo yli sadan vuoden ik\u00e4\u00e4n. Professori Salokangas on k\u00e4ynyt l\u00e4pi kaiken Kiven el\u00e4m\u00e4st\u00e4 l\u00f6ytyv\u00e4n kirjallisen materiaalin ja aikaisemmat tutkimukset, paneutuen erityisesti h\u00e4nen psykiatrisen sairastamisensa taustoihin. Alan asiantuntijana h\u00e4n esitt\u00e4\u00e4 Kiven lopulta psykiatriseen hoitoon vieneest\u00e4 sairastumisesta t\u00e4ysin uuden ja aikaisemmista tutkijoista poikkeavan tulkinnan.<\/p><p>\u00a0\u201dAleksis Kiven el\u00e4m\u00e4 ja sairaudet\u201d on korkeatasoinen ja kiehtova, monitasoinen teos. Se voi olettaa kiinnostavan niin kirjallisuuden ja historian harrastajaa, kuin ket\u00e4 vain kulttuurin ja mielenterveyden asioita seuraavaa kansalaista.&#8221;<\/p><p>*Hinta: 25,00\u20ac + postituskulut kotimaassa: 7,50 \u20ac<br \/>*ISBN: 978-952-5166-28-6<br \/>*Sivum\u00e4\u00e4r\u00e4: 271<br \/>*Sidosasu: Kovakantinen<br \/>*Julkaisup\u00e4iv\u00e4m\u00e4\u00e4r\u00e4: 19.11.2018<br \/>*Kustantaja: Psykiatrian Tutkimuss\u00e4\u00e4ti\u00f6 sr<br \/>*Kirjailija: Raimo K.R. Salokangas<\/p><p>Kirjan voi tilata Psykiatrian Tutkimuss\u00e4\u00e4ti\u00f6lt\u00e4 s\u00e4hk\u00f6postitse osoitteesta: psykiatrian.tutkimussaatio@psyts.fi<\/p>\t\t\t\t\t\t\t\t<\/div>\n\t\t\t\t<\/div>\n\t\t\t\t\t<\/div>\n\t\t<\/div>\n\t\t\t\t\t<\/div>\n\t\t<\/section>\n\t\t\t\t<section class=\"elementor-section elementor-top-section elementor-element elementor-element-44b2861 elementor-section-boxed elementor-section-height-default elementor-section-height-default\" data-id=\"44b2861\" data-element_type=\"section\" data-e-type=\"section\">\n\t\t\t\t\t\t<div class=\"elementor-container elementor-column-gap-default\">\n\t\t\t\t\t<div class=\"elementor-column elementor-col-100 elementor-top-column elementor-element elementor-element-c417377\" data-id=\"c417377\" data-element_type=\"column\" data-e-type=\"column\">\n\t\t\t<div class=\"elementor-widget-wrap elementor-element-populated\">\n\t\t\t\t\t\t<div class=\"elementor-element elementor-element-2bfd74f elementor-widget elementor-widget-heading\" data-id=\"2bfd74f\" data-element_type=\"widget\" data-e-type=\"widget\" data-widget_type=\"heading.default\">\n\t\t\t\t<div class=\"elementor-widget-container\">\n\t\t\t\t\t<h2 class=\"elementor-heading-title elementor-size-default\">Adressit<\/h2>\t\t\t\t<\/div>\n\t\t\t\t<\/div>\n\t\t\t\t<div class=\"elementor-element elementor-element-dc972aa elementor-widget elementor-widget-text-editor\" data-id=\"dc972aa\" data-element_type=\"widget\" data-e-type=\"widget\" data-widget_type=\"text-editor.default\">\n\t\t\t\t<div class=\"elementor-widget-container\">\n\t\t\t\t\t\t\t\t\t<p>Psykiatrian Tutkimuss\u00e4\u00e4ti\u00f6n adressi on tekstit\u00f6n ja sopii moneen k\u00e4ytt\u00f6tarkoitukseen. Adressilla levit\u00e4t tietoisuutta psyykkisest\u00e4 hyvinvoinnista my\u00f6s adressin vastaanottajalle ja juhlavieraille. Tilaa adressi s\u00e4hk\u00f6postitse osoitteesta&nbsp;<a href=\"mailto:psykiatrian.tutkimussaatio@psy.fi\">psykiatrian.tutkimussaatio@psyts.fi<\/a>. Adressin hinta on 15 \u20ac.<\/p><p>Adressia tilatessa on syyt\u00e4 huomioida nykyisen postinjakelun tilanne ja varata toimitukseen viikon verran aikaa.<\/p>\t\t\t\t\t\t\t\t<\/div>\n\t\t\t\t<\/div>\n\t\t\t\t<div class=\"elementor-element elementor-element-f45ff0b elementor-widget elementor-widget-image\" data-id=\"f45ff0b\" data-element_type=\"widget\" data-e-type=\"widget\" data-widget_type=\"image.default\">\n\t\t\t\t<div class=\"elementor-widget-container\">\n\t\t\t\t\t\t\t\t\t\t\t\t\t\t\t<img decoding=\"async\" width=\"300\" height=\"200\" src=\"https:\/\/www.psykiatriantutkimussaatio.fi\/wp-content\/uploads\/2022\/06\/IMG_8911-300x200.jpg\" class=\"attachment-medium size-medium wp-image-4880\" alt=\"\" srcset=\"https:\/\/www.psykiatriantutkimussaatio.fi\/wp-content\/uploads\/2022\/06\/IMG_8911-300x200.jpg 300w, https:\/\/www.psykiatriantutkimussaatio.fi\/wp-content\/uploads\/2022\/06\/IMG_8911-1024x683.jpg 1024w, https:\/\/www.psykiatriantutkimussaatio.fi\/wp-content\/uploads\/2022\/06\/IMG_8911-768x512.jpg 768w, https:\/\/www.psykiatriantutkimussaatio.fi\/wp-content\/uploads\/2022\/06\/IMG_8911-1536x1024.jpg 1536w, https:\/\/www.psykiatriantutkimussaatio.fi\/wp-content\/uploads\/2022\/06\/IMG_8911-2048x1365.jpg 2048w\" sizes=\"(max-width: 300px) 100vw, 300px\" \/>\t\t\t\t\t\t\t\t\t\t\t\t\t\t\t<\/div>\n\t\t\t\t<\/div>\n\t\t\t\t<div class=\"elementor-element elementor-element-503d7ce elementor-widget elementor-widget-image\" data-id=\"503d7ce\" data-element_type=\"widget\" data-e-type=\"widget\" data-widget_type=\"image.default\">\n\t\t\t\t<div class=\"elementor-widget-container\">\n\t\t\t\t\t\t\t\t\t\t\t\t\t\t\t<img decoding=\"async\" width=\"300\" height=\"200\" src=\"https:\/\/www.psykiatriantutkimussaatio.fi\/wp-content\/uploads\/2022\/06\/Onnitteluadressi_siniharmaa-300x200.jpg\" class=\"attachment-medium size-medium wp-image-4885\" alt=\"\" srcset=\"https:\/\/www.psykiatriantutkimussaatio.fi\/wp-content\/uploads\/2022\/06\/Onnitteluadressi_siniharmaa-300x200.jpg 300w, https:\/\/www.psykiatriantutkimussaatio.fi\/wp-content\/uploads\/2022\/06\/Onnitteluadressi_siniharmaa-1024x683.jpg 1024w, https:\/\/www.psykiatriantutkimussaatio.fi\/wp-content\/uploads\/2022\/06\/Onnitteluadressi_siniharmaa-768x512.jpg 768w, https:\/\/www.psykiatriantutkimussaatio.fi\/wp-content\/uploads\/2022\/06\/Onnitteluadressi_siniharmaa-1536x1024.jpg 1536w, https:\/\/www.psykiatriantutkimussaatio.fi\/wp-content\/uploads\/2022\/06\/Onnitteluadressi_siniharmaa-2048x1365.jpg 2048w\" sizes=\"(max-width: 300px) 100vw, 300px\" \/>\t\t\t\t\t\t\t\t\t\t\t\t\t\t\t<\/div>\n\t\t\t\t<\/div>\n\t\t\t\t<div class=\"elementor-element elementor-element-cdf128c elementor-widget elementor-widget-image\" data-id=\"cdf128c\" data-element_type=\"widget\" data-e-type=\"widget\" data-widget_type=\"image.default\">\n\t\t\t\t<div class=\"elementor-widget-container\">\n\t\t\t\t\t\t\t\t\t\t\t\t\t\t\t<img loading=\"lazy\" decoding=\"async\" width=\"300\" height=\"200\" src=\"https:\/\/www.psykiatriantutkimussaatio.fi\/wp-content\/uploads\/2022\/06\/Onnitteluadressi_keltainen-300x200.jpg\" class=\"attachment-medium size-medium wp-image-4884\" alt=\"\" srcset=\"https:\/\/www.psykiatriantutkimussaatio.fi\/wp-content\/uploads\/2022\/06\/Onnitteluadressi_keltainen-300x200.jpg 300w, https:\/\/www.psykiatriantutkimussaatio.fi\/wp-content\/uploads\/2022\/06\/Onnitteluadressi_keltainen-1024x683.jpg 1024w, https:\/\/www.psykiatriantutkimussaatio.fi\/wp-content\/uploads\/2022\/06\/Onnitteluadressi_keltainen-768x512.jpg 768w, https:\/\/www.psykiatriantutkimussaatio.fi\/wp-content\/uploads\/2022\/06\/Onnitteluadressi_keltainen-1536x1024.jpg 1536w, https:\/\/www.psykiatriantutkimussaatio.fi\/wp-content\/uploads\/2022\/06\/Onnitteluadressi_keltainen-2048x1365.jpg 2048w\" sizes=\"(max-width: 300px) 100vw, 300px\" \/>\t\t\t\t\t\t\t\t\t\t\t\t\t\t\t<\/div>\n\t\t\t\t<\/div>\n\t\t\t\t<div class=\"elementor-element elementor-element-e1041b3 elementor-widget elementor-widget-image\" data-id=\"e1041b3\" data-element_type=\"widget\" data-e-type=\"widget\" data-widget_type=\"image.default\">\n\t\t\t\t<div class=\"elementor-widget-container\">\n\t\t\t\t\t\t\t\t\t\t\t\t\t\t\t<img loading=\"lazy\" decoding=\"async\" width=\"300\" height=\"200\" src=\"https:\/\/www.psykiatriantutkimussaatio.fi\/wp-content\/uploads\/2022\/06\/IMG_8598-BW-300x200.jpg\" class=\"attachment-medium size-medium wp-image-4887\" alt=\"\" srcset=\"https:\/\/www.psykiatriantutkimussaatio.fi\/wp-content\/uploads\/2022\/06\/IMG_8598-BW-300x200.jpg 300w, https:\/\/www.psykiatriantutkimussaatio.fi\/wp-content\/uploads\/2022\/06\/IMG_8598-BW-1024x683.jpg 1024w, https:\/\/www.psykiatriantutkimussaatio.fi\/wp-content\/uploads\/2022\/06\/IMG_8598-BW-768x512.jpg 768w, https:\/\/www.psykiatriantutkimussaatio.fi\/wp-content\/uploads\/2022\/06\/IMG_8598-BW-1536x1024.jpg 1536w, https:\/\/www.psykiatriantutkimussaatio.fi\/wp-content\/uploads\/2022\/06\/IMG_8598-BW-2048x1365.jpg 2048w\" sizes=\"(max-width: 300px) 100vw, 300px\" \/>\t\t\t\t\t\t\t\t\t\t\t\t\t\t\t<\/div>\n\t\t\t\t<\/div>\n\t\t\t\t<div class=\"elementor-element elementor-element-ec7b0d7 elementor-widget elementor-widget-image\" data-id=\"ec7b0d7\" data-element_type=\"widget\" data-e-type=\"widget\" data-widget_type=\"image.default\">\n\t\t\t\t<div class=\"elementor-widget-container\">\n\t\t\t\t\t\t\t\t\t\t\t\t\t\t\t<img loading=\"lazy\" decoding=\"async\" width=\"200\" height=\"300\" src=\"https:\/\/www.psykiatriantutkimussaatio.fi\/wp-content\/uploads\/2022\/06\/IMG_8552-BW-200x300.png\" class=\"attachment-medium size-medium wp-image-4886\" alt=\"\" srcset=\"https:\/\/www.psykiatriantutkimussaatio.fi\/wp-content\/uploads\/2022\/06\/IMG_8552-BW-200x300.png 200w, https:\/\/www.psykiatriantutkimussaatio.fi\/wp-content\/uploads\/2022\/06\/IMG_8552-BW-683x1024.png 683w, https:\/\/www.psykiatriantutkimussaatio.fi\/wp-content\/uploads\/2022\/06\/IMG_8552-BW-768x1152.png 768w, https:\/\/www.psykiatriantutkimussaatio.fi\/wp-content\/uploads\/2022\/06\/IMG_8552-BW-1024x1536.png 1024w, https:\/\/www.psykiatriantutkimussaatio.fi\/wp-content\/uploads\/2022\/06\/IMG_8552-BW-1365x2048.png 1365w\" sizes=\"(max-width: 200px) 100vw, 200px\" \/>\t\t\t\t\t\t\t\t\t\t\t\t\t\t\t<\/div>\n\t\t\t\t<\/div>\n\t\t\t\t<div class=\"elementor-element elementor-element-4608950 elementor-widget elementor-widget-image\" data-id=\"4608950\" data-element_type=\"widget\" data-e-type=\"widget\" data-widget_type=\"image.default\">\n\t\t\t\t<div class=\"elementor-widget-container\">\n\t\t\t\t\t\t\t\t\t\t\t\t\t\t\t<img loading=\"lazy\" decoding=\"async\" width=\"300\" height=\"200\" src=\"https:\/\/www.psykiatriantutkimussaatio.fi\/wp-content\/uploads\/2022\/06\/IMG_8680-BW-300x200.jpg\" class=\"attachment-medium size-medium wp-image-4889\" alt=\"\" srcset=\"https:\/\/www.psykiatriantutkimussaatio.fi\/wp-content\/uploads\/2022\/06\/IMG_8680-BW-300x200.jpg 300w, https:\/\/www.psykiatriantutkimussaatio.fi\/wp-content\/uploads\/2022\/06\/IMG_8680-BW-1024x683.jpg 1024w, https:\/\/www.psykiatriantutkimussaatio.fi\/wp-content\/uploads\/2022\/06\/IMG_8680-BW-768x512.jpg 768w, https:\/\/www.psykiatriantutkimussaatio.fi\/wp-content\/uploads\/2022\/06\/IMG_8680-BW-1536x1024.jpg 1536w, https:\/\/www.psykiatriantutkimussaatio.fi\/wp-content\/uploads\/2022\/06\/IMG_8680-BW-2048x1365.jpg 2048w\" sizes=\"(max-width: 300px) 100vw, 300px\" \/>\t\t\t\t\t\t\t\t\t\t\t\t\t\t\t<\/div>\n\t\t\t\t<\/div>\n\t\t\t\t<div class=\"elementor-element elementor-element-ffce4c4 elementor-widget elementor-widget-image\" data-id=\"ffce4c4\" data-element_type=\"widget\" data-e-type=\"widget\" data-widget_type=\"image.default\">\n\t\t\t\t<div class=\"elementor-widget-container\">\n\t\t\t\t\t\t\t\t\t\t\t\t\t\t\t<img loading=\"lazy\" decoding=\"async\" width=\"300\" height=\"200\" src=\"https:\/\/www.psykiatriantutkimussaatio.fi\/wp-content\/uploads\/2022\/06\/IMG_8794-300x200.jpg\" class=\"attachment-medium size-medium wp-image-4891\" alt=\"\" srcset=\"https:\/\/www.psykiatriantutkimussaatio.fi\/wp-content\/uploads\/2022\/06\/IMG_8794-300x200.jpg 300w, https:\/\/www.psykiatriantutkimussaatio.fi\/wp-content\/uploads\/2022\/06\/IMG_8794-1024x683.jpg 1024w, https:\/\/www.psykiatriantutkimussaatio.fi\/wp-content\/uploads\/2022\/06\/IMG_8794-768x512.jpg 768w, https:\/\/www.psykiatriantutkimussaatio.fi\/wp-content\/uploads\/2022\/06\/IMG_8794-1536x1024.jpg 1536w, https:\/\/www.psykiatriantutkimussaatio.fi\/wp-content\/uploads\/2022\/06\/IMG_8794-2048x1365.jpg 2048w\" sizes=\"(max-width: 300px) 100vw, 300px\" \/>\t\t\t\t\t\t\t\t\t\t\t\t\t\t\t<\/div>\n\t\t\t\t<\/div>\n\t\t\t\t\t<\/div>\n\t\t<\/div>\n\t\t\t\t\t<\/div>\n\t\t<\/section>\n\t\t\t\t<section class=\"elementor-section elementor-top-section elementor-element elementor-element-98785af elementor-section-boxed elementor-section-height-default elementor-section-height-default\" data-id=\"98785af\" data-element_type=\"section\" data-e-type=\"section\">\n\t\t\t\t\t\t<div class=\"elementor-container elementor-column-gap-default\">\n\t\t\t\t\t<div class=\"elementor-column elementor-col-100 elementor-top-column elementor-element elementor-element-0ce0dfa\" data-id=\"0ce0dfa\" data-element_type=\"column\" data-e-type=\"column\">\n\t\t\t<div class=\"elementor-widget-wrap\">\n\t\t\t\t\t\t\t<\/div>\n\t\t<\/div>\n\t\t\t\t\t<\/div>\n\t\t<\/section>\n\t\t\t\t<\/div>\n\t\t","protected":false},"excerpt":{"rendered":"<p>Kirjat, adressit ja muut tuotteet Psykiatrian Tutkimuss\u00e4\u00e4ti\u00f6t\u00e4 voi tukea ostamalla sen tuotteita. Tuotot menev\u00e4t s\u00e4\u00e4ti\u00f6n toiminnan tukemiseen. T\u00e4ll\u00e4 hetkell\u00e4 s\u00e4\u00e4ti\u00f6lt\u00e4 voi tilata S\u00e4\u00e4ti\u00f6n kustantamia kirjoja ja adresseja. Kirjat Raimo K.R. Salokangas: Aleksis Kiven el\u00e4m\u00e4 ja sairaudet. Tutkimus Aleksis Kiven sairauksista h\u00e4nen el\u00e4m\u00e4ns\u00e4 eri vaiheissa. Kirja o n perusteellinen ja j\u00e4nnitt\u00e4v\u00e4 katsaus kansalliskirjailijamme lyhyeen el\u00e4m\u00e4\u00e4n ja [&hellip;]<\/p>\n","protected":false},"author":1,"featured_media":0,"parent":0,"menu_order":0,"comment_status":"closed","ping_status":"closed","template":"","meta":{"footnotes":""},"class_list":["post-49","page","type-page","status-publish","hentry"],"_links":{"self":[{"href":"https:\/\/www.psykiatriantutkimussaatio.fi\/index.php\/wp-json\/wp\/v2\/pages\/49","targetHints":{"allow":["GET"]}}],"collection":[{"href":"https:\/\/www.psykiatriantutkimussaatio.fi\/index.php\/wp-json\/wp\/v2\/pages"}],"about":[{"href":"https:\/\/www.psykiatriantutkimussaatio.fi\/index.php\/wp-json\/wp\/v2\/types\/page"}],"author":[{"embeddable":true,"href":"https:\/\/www.psykiatriantutkimussaatio.fi\/index.php\/wp-json\/wp\/v2\/users\/1"}],"replies":[{"embeddable":true,"href":"https:\/\/www.psykiatriantutkimussaatio.fi\/index.php\/wp-json\/wp\/v2\/comments?post=49"}],"version-history":[{"count":71,"href":"https:\/\/www.psykiatriantutkimussaatio.fi\/index.php\/wp-json\/wp\/v2\/pages\/49\/revisions"}],"predecessor-version":[{"id":5682,"href":"https:\/\/www.psykiatriantutkimussaatio.fi\/index.php\/wp-json\/wp\/v2\/pages\/49\/revisions\/5682"}],"wp:attachment":[{"href":"https:\/\/www.psykiatriantutkimussaatio.fi\/index.php\/wp-json\/wp\/v2\/media?parent=49"}],"curies":[{"name":"wp","href":"https:\/\/api.w.org\/{rel}","templated":true}]}}