{"id":57,"date":"2019-10-06T15:45:10","date_gmt":"2019-10-06T15:45:10","guid":{"rendered":"http:\/\/www.psykiatriantutkimussaatio.fi\/?page_id=57"},"modified":"2024-10-30T09:10:12","modified_gmt":"2024-10-30T09:10:12","slug":"yritysyhteistyo","status":"publish","type":"page","link":"https:\/\/www.psykiatriantutkimussaatio.fi\/index.php\/yritysyhteistyo\/","title":{"rendered":"Yritysyhteisty\u00f6"},"content":{"rendered":"\t\t<div data-elementor-type=\"wp-page\" data-elementor-id=\"57\" class=\"elementor elementor-57\" data-elementor-post-type=\"page\">\n\t\t\t\t\t\t<section class=\"elementor-section elementor-top-section elementor-element elementor-element-5337bf04 elementor-section-full_width elementor-section-height-default elementor-section-height-default\" data-id=\"5337bf04\" data-element_type=\"section\" data-e-type=\"section\" data-settings=\"{&quot;background_background&quot;:&quot;classic&quot;}\">\n\t\t\t\t\t\t\t<div class=\"elementor-background-overlay\"><\/div>\n\t\t\t\t\t\t\t<div class=\"elementor-container elementor-column-gap-default\">\n\t\t\t\t\t<div class=\"elementor-column elementor-col-100 elementor-top-column elementor-element elementor-element-54739c5b\" data-id=\"54739c5b\" data-element_type=\"column\" data-e-type=\"column\" data-settings=\"{&quot;background_background&quot;:&quot;classic&quot;}\">\n\t\t\t<div class=\"elementor-widget-wrap\">\n\t\t\t\t\t\t\t<\/div>\n\t\t<\/div>\n\t\t\t\t\t<\/div>\n\t\t<\/section>\n\t\t\t\t<section class=\"elementor-section elementor-top-section elementor-element elementor-element-6218c89a elementor-section-boxed elementor-section-height-default elementor-section-height-default\" data-id=\"6218c89a\" data-element_type=\"section\" data-e-type=\"section\">\n\t\t\t\t\t\t<div class=\"elementor-container elementor-column-gap-default\">\n\t\t\t\t\t<div class=\"elementor-column elementor-col-50 elementor-top-column elementor-element elementor-element-3cf5004\" data-id=\"3cf5004\" data-element_type=\"column\" data-e-type=\"column\" data-settings=\"{&quot;background_background&quot;:&quot;classic&quot;}\">\n\t\t\t<div class=\"elementor-widget-wrap elementor-element-populated\">\n\t\t\t\t\t\t<div class=\"elementor-element elementor-element-7cc0072 elementor-widget elementor-widget-heading\" data-id=\"7cc0072\" data-element_type=\"widget\" data-e-type=\"widget\" data-widget_type=\"heading.default\">\n\t\t\t\t<div class=\"elementor-widget-container\">\n\t\t\t\t\t<h2 class=\"elementor-heading-title elementor-size-default\">Yritysyhteisty\u00f6<\/h2>\t\t\t\t<\/div>\n\t\t\t\t<\/div>\n\t\t\t\t\t<\/div>\n\t\t<\/div>\n\t\t\t\t<div class=\"elementor-column elementor-col-50 elementor-top-column elementor-element elementor-element-7df925d8\" data-id=\"7df925d8\" data-element_type=\"column\" data-e-type=\"column\">\n\t\t\t<div class=\"elementor-widget-wrap\">\n\t\t\t\t\t\t\t<\/div>\n\t\t<\/div>\n\t\t\t\t\t<\/div>\n\t\t<\/section>\n\t\t\t\t<section class=\"elementor-section elementor-top-section elementor-element elementor-element-5f329d6e elementor-section-boxed elementor-section-height-default elementor-section-height-default\" data-id=\"5f329d6e\" data-element_type=\"section\" data-e-type=\"section\">\n\t\t\t\t\t\t<div class=\"elementor-container elementor-column-gap-default\">\n\t\t\t\t\t<div class=\"elementor-column elementor-col-100 elementor-top-column elementor-element elementor-element-31835381\" data-id=\"31835381\" data-element_type=\"column\" data-e-type=\"column\">\n\t\t\t<div class=\"elementor-widget-wrap elementor-element-populated\">\n\t\t\t\t\t\t<div class=\"elementor-element elementor-element-1a82bb1 elementor-widget elementor-widget-text-editor\" data-id=\"1a82bb1\" data-element_type=\"widget\" data-e-type=\"widget\" data-widget_type=\"text-editor.default\">\n\t\t\t\t<div class=\"elementor-widget-container\">\n\t\t\t\t\t\t\t\t\t<p><strong>Tilaisuuksien sponsoroiminen ja tuotelahjoitukset<\/strong><\/p><p>Suorien rahalahjoitusten lis\u00e4ksi yritykset voivat sponsoroida Psykiatrian Tutkimuss\u00e4\u00e4ti\u00f6t\u00e4 esimerkiksi tarjoamalla tiloja tai tarjoilua s\u00e4\u00e4ti\u00f6n j\u00e4rjest\u00e4miin tilaisuuksiin. S\u00e4\u00e4ti\u00f6lle voi my\u00f6s lahjoittaa tietyn osuuden jonkin yrityksen tuotteen myynnist\u00e4 tai s\u00e4\u00e4ti\u00f6lle voi lahjoittaa tuotteita s\u00e4\u00e4ti\u00f6n myyt\u00e4v\u00e4ksi toimintansa tueksi. S\u00e4\u00e4ti\u00f6 tekee mielell\u00e4\u00e4n yhteisty\u00f6t\u00e4 yritysten kanssa ja suunnittelee yhdess\u00e4 eri muotoja yhteisty\u00f6lle. Ota yhteytt\u00e4 <a href=\"mailto:psykiatrian.tutkimussaatio@psy.fi\">psykiatrian.tutkimussaatio@psyts.fi<\/a>\u00a0<\/p><p><strong>Yrityksen merkkip\u00e4iv\u00e4ker\u00e4ys<\/strong><\/p><p>Yritykset voivat tehd\u00e4 merkkip\u00e4iv\u00e4lahjoituksen Psykiatrian Tutkimuss\u00e4\u00e4ti\u00f6lle juhlistaessaan esimerkiksi py\u00f6reit\u00e4 vuosia. Lahjoituksilla tehd\u00e4\u00e4n vaikuttavaa ty\u00f6t\u00e4 mielenterveyden puolesta.<\/p><p>Yritys voi pyyt\u00e4\u00e4 huomionosoitukset Psykiatrian Tutkimuss\u00e4\u00e4ti\u00f6n hyv\u00e4ksi ilmoittamalla kutsun yhteydess\u00e4 ker\u00e4ystilin tiedot ja oman saateviestins\u00e4.<\/p><p>Tili:\u00a0FI24 5780 0720 4204 42<br \/>Maksun saaja:\u00a0Psykiatrian Tutkimuss\u00e4\u00e4ti\u00f6<br \/>Viesti:\u00a0Haluamasi saateviesti (esim. Yritys Oy Ab 10 v.)<\/p><p>Voit ilmoittaa merkkip\u00e4iv\u00e4st\u00e4 t\u00e4ytt\u00e4m\u00e4ll\u00e4 alla olevat tiedot. L\u00e4het\u00e4mme nimilistan lahjoittaneista sek\u00e4 ker\u00e4yksen kokonaissumman sovittuna ajankohtana. Voit ilmoittaa muista toiveista yhteystietolomakkeen lis\u00e4tietoja -kent\u00e4ss\u00e4.<\/p>\t\t\t\t\t\t\t\t<\/div>\n\t\t\t\t<\/div>\n\t\t\t\t<div class=\"elementor-element elementor-element-3ba8b3a elementor-widget elementor-widget-shortcode\" data-id=\"3ba8b3a\" data-element_type=\"widget\" data-e-type=\"widget\" data-widget_type=\"shortcode.default\">\n\t\t\t\t<div class=\"elementor-widget-container\">\n\t\t\t\t\t\t\t<div class=\"elementor-shortcode\">\n<div class=\"wpcf7 no-js\" id=\"wpcf7-f2223-o1\" lang=\"fi\" dir=\"ltr\" data-wpcf7-id=\"2223\">\n<div class=\"screen-reader-response\"><p role=\"status\" aria-live=\"polite\" aria-atomic=\"true\"><\/p> <ul><\/ul><\/div>\n<form action=\"\/index.php\/wp-json\/wp\/v2\/pages\/57#wpcf7-f2223-o1\" method=\"post\" class=\"wpcf7-form init\" aria-label=\"Yhteydenottolomake\" novalidate=\"novalidate\" data-status=\"init\">\n<fieldset class=\"hidden-fields-container\"><input type=\"hidden\" name=\"_wpcf7\" value=\"2223\" \/><input type=\"hidden\" name=\"_wpcf7_version\" value=\"6.1.5\" \/><input type=\"hidden\" name=\"_wpcf7_locale\" value=\"fi\" \/><input type=\"hidden\" name=\"_wpcf7_unit_tag\" value=\"wpcf7-f2223-o1\" \/><input type=\"hidden\" name=\"_wpcf7_container_post\" value=\"0\" \/><input type=\"hidden\" name=\"_wpcf7_posted_data_hash\" value=\"\" \/><input type=\"hidden\" name=\"_wpcf7_recaptcha_response\" value=\"\" \/>\n<\/fieldset>\n<p>YHTEYSTIEDOT:\n<\/p>\n<p><label> Nimi*<br \/>\n<span class=\"wpcf7-form-control-wrap\" data-name=\"your-name\"><input size=\"40\" maxlength=\"400\" class=\"wpcf7-form-control wpcf7-text wpcf7-validates-as-required\" aria-required=\"true\" aria-invalid=\"false\" placeholder=\"Nimi ja sukunimi\" value=\"\" type=\"text\" name=\"your-name\" \/><\/span> <\/label>\n<\/p>\n<p><label> Yrityksen nimi*<br \/>\n<span class=\"wpcf7-form-control-wrap\" data-name=\"your-yritys\"><input size=\"40\" maxlength=\"400\" class=\"wpcf7-form-control wpcf7-text wpcf7-validates-as-required\" aria-required=\"true\" aria-invalid=\"false\" value=\"\" type=\"text\" name=\"your-yritys\" \/><\/span> <\/label>\n<\/p>\n<p><label> Puhelinnumero*<br \/>\n<span class=\"wpcf7-form-control-wrap\" data-name=\"your-phone\"><input size=\"40\" maxlength=\"400\" class=\"wpcf7-form-control wpcf7-text wpcf7-validates-as-required\" aria-required=\"true\" aria-invalid=\"false\" value=\"\" type=\"text\" name=\"your-phone\" \/><\/span> <\/label>\n<\/p>\n<p><label> S\u00e4hk\u00f6posti<br \/>\n<span class=\"wpcf7-form-control-wrap\" data-name=\"your-email\"><input size=\"40\" maxlength=\"400\" class=\"wpcf7-form-control wpcf7-email wpcf7-validates-as-required wpcf7-text wpcf7-validates-as-email\" aria-required=\"true\" aria-invalid=\"false\" value=\"\" type=\"email\" name=\"your-email\" \/><\/span> <\/label>\n<\/p>\n<p>MERKKIP\u00c4IV\u00c4N TIEDOT:\n<\/p>\n<p><label>Merkkip\u00e4iv\u00e4<br \/>\n<span class=\"wpcf7-form-control-wrap\" data-name=\"date-889\"><input class=\"wpcf7-form-control wpcf7-date wpcf7-validates-as-date\" aria-invalid=\"false\" value=\"\" type=\"date\" name=\"date-889\" \/><\/span><\/label>\n<\/p>\n<p><label>Tilisiirrossa n\u00e4kyv\u00e4 viesti*<br \/>\n<span class=\"wpcf7-form-control-wrap\" data-name=\"your-viesti\"><input size=\"40\" maxlength=\"400\" class=\"wpcf7-form-control wpcf7-text wpcf7-validates-as-required\" aria-required=\"true\" aria-invalid=\"false\" value=\"\" type=\"text\" name=\"your-viesti\" \/><\/span> <\/label>\n<\/p>\n<p><label> Lis\u00e4tietoja<br \/>\n<span class=\"wpcf7-form-control-wrap\" data-name=\"your-message\"><textarea cols=\"40\" rows=\"10\" maxlength=\"2000\" class=\"wpcf7-form-control wpcf7-textarea\" aria-invalid=\"false\" name=\"your-message\"><\/textarea><\/span> <\/label>\n<\/p>\n<p><input class=\"wpcf7-form-control wpcf7-submit has-spinner\" type=\"submit\" value=\"L\u00e4het\u00e4\" \/>\n<\/p><div class=\"wpcf7-response-output\" aria-hidden=\"true\"><\/div>\n<\/form>\n<\/div>\n<\/div>\n\t\t\t\t\t\t<\/div>\n\t\t\t\t<\/div>\n\t\t\t\t\t<\/div>\n\t\t<\/div>\n\t\t\t\t\t<\/div>\n\t\t<\/section>\n\t\t\t\t<\/div>\n\t\t","protected":false},"excerpt":{"rendered":"<p>Yritysyhteisty\u00f6 Tilaisuuksien sponsoroiminen ja tuotelahjoitukset Suorien rahalahjoitusten lis\u00e4ksi yritykset voivat sponsoroida Psykiatrian Tutkimuss\u00e4\u00e4ti\u00f6t\u00e4 esimerkiksi tarjoamalla tiloja tai tarjoilua s\u00e4\u00e4ti\u00f6n j\u00e4rjest\u00e4miin tilaisuuksiin. S\u00e4\u00e4ti\u00f6lle voi my\u00f6s lahjoittaa tietyn osuuden jonkin yrityksen tuotteen myynnist\u00e4 tai s\u00e4\u00e4ti\u00f6lle voi lahjoittaa tuotteita s\u00e4\u00e4ti\u00f6n myyt\u00e4v\u00e4ksi toimintansa tueksi. S\u00e4\u00e4ti\u00f6 tekee mielell\u00e4\u00e4n yhteisty\u00f6t\u00e4 yritysten kanssa ja suunnittelee yhdess\u00e4 eri muotoja yhteisty\u00f6lle. Ota yhteytt\u00e4 psykiatrian.tutkimussaatio@psyts.fi\u00a0 [&hellip;]<\/p>\n","protected":false},"author":1,"featured_media":0,"parent":0,"menu_order":0,"comment_status":"closed","ping_status":"closed","template":"","meta":{"footnotes":""},"class_list":["post-57","page","type-page","status-publish","hentry"],"_links":{"self":[{"href":"https:\/\/www.psykiatriantutkimussaatio.fi\/index.php\/wp-json\/wp\/v2\/pages\/57","targetHints":{"allow":["GET"]}}],"collection":[{"href":"https:\/\/www.psykiatriantutkimussaatio.fi\/index.php\/wp-json\/wp\/v2\/pages"}],"about":[{"href":"https:\/\/www.psykiatriantutkimussaatio.fi\/index.php\/wp-json\/wp\/v2\/types\/page"}],"author":[{"embeddable":true,"href":"https:\/\/www.psykiatriantutkimussaatio.fi\/index.php\/wp-json\/wp\/v2\/users\/1"}],"replies":[{"embeddable":true,"href":"https:\/\/www.psykiatriantutkimussaatio.fi\/index.php\/wp-json\/wp\/v2\/comments?post=57"}],"version-history":[{"count":38,"href":"https:\/\/www.psykiatriantutkimussaatio.fi\/index.php\/wp-json\/wp\/v2\/pages\/57\/revisions"}],"predecessor-version":[{"id":5495,"href":"https:\/\/www.psykiatriantutkimussaatio.fi\/index.php\/wp-json\/wp\/v2\/pages\/57\/revisions\/5495"}],"wp:attachment":[{"href":"https:\/\/www.psykiatriantutkimussaatio.fi\/index.php\/wp-json\/wp\/v2\/media?parent=57"}],"curies":[{"name":"wp","href":"https:\/\/api.w.org\/{rel}","templated":true}]}}